g**2 + g + 2*g**2. What is i(b)?
21
Let j be (-24)/(-9) - 2/3. Let f(v) = -5*v**2 + 0*v**j - 1 + 2*v**3 + 2*v**2 + 4*v**2. Let n be f(1). Let m(i) = i**2 + 2*i + 1. Determine m(n).
9
Let v = 611 + -620. Let i(u) = -3*u - 16. Calculate i(v).
11
Let j(u) = -u**2 - 16*u + 8. Let l(t) = 2*t**2 + 32*t - 15. Let y(h) = 5*j(h) + 3*l(h). Calculate y(-16).
-5
Let i(y) = 5*y**2 + 1. Suppose -22*b + 23*b = -1. Calculate i(b).
6
Let j = -13 + 19. Let w be (j + -7)/(2/12). Let t = -9 - w. Let r(g) = 5*g + 4. Determine r(t).
-11
Let q(x) = 3*x**2 + 5*x - 2*x**2 + 2*x + 3. Suppose 12*i + 41 = -4 - 27. Give q(i).
-3
Let y(u) = 2*u**2 - 2*u + 3. Let p be y(0). Let m(o) = -o**p + 20*o + 6*o + 10*o**2 - o**2 - 13 - 15*o. Give m(10).
-3
Suppose 10*l = -8 - 12. Let u(p) = -3*p**3 - p**2 + 2*p + 4. Let j(y) = -y**3 + 1. Let q(x) = 2*j(x) - u(x). Determine q(l).
-2
Let f = 25 + -23. Suppose 2*u = u - 5*w + f, u + w - 22 = 0. Let c = -29 + u. Let d(r) = 2*r**3 + 2*r**2 - r. Determine d(c).
-6
Let v(x) = 2*x**2 - 19*x + 6. Let p be v(8). Let b = 4 + p. Let a = 19 + b. Let m(j) = j - 8. Determine m(a).
-3
Let v(j) = -j**3 - 7*j - 6*j**2 + 9 - 21 + 6. What is v(-5)?
4
Let n(j) = -12*j**2 - 5*j + 6. Let i be n(1). Let p(r) = r**3 + 11*r**2 + 3*r + 29. Calculate p(i).
-4
Suppose -1020*m + 1028*m = -48. Let j(w) = -3*w + 7. Calculate j(m).
25
Let z(d) = d**3 - 4*d**2 + 4*d - 2. Let p be z(1). Let y(a) = 2*a - 1. What is y(p)?
-3
Suppose 0 = f - 2*o + 4, f - 5*o = -f - 11. Suppose 0 = -5*w + w + 16, -f*k + 8 = w. Let c(x) = 4*x + 0 - 2*x + 2*x - 3 - x**k. Determine c(2).
1
Let z be (32/20)/((-4)/(-10)). Suppose z*q - 1 - 3 = 0. Suppose -4*l + 22 = x, 0 = -x + 1 + q. Let t(y) = -y**2 + 5*y - 6. Give t(l).
-6
Let m(t) = 5*t - 1. Suppose -2*k - 59*a + 62*a - 14 = 0, a - 2 = 0. Determine m(k).
-21
Let r be 40/(-140) + (3 - 12/7). Let u(g) = -21*g**3 + 2*g - 1. Determine u(r).
-20
Let w(j) = j - 3. Suppose 2*y + 21 = 5*f + 1, -38 = -3*f - 4*y. Determine w(f).
3
Let n(y) = y**3 - 3*y**2 - 9*y - 7. Let p(o) = -4*o - 1. Let u(a) = n(a) - 3*p(a). Suppose r - 5*q + 7 = 0, -3*q = 4*r - 20 + 2. Give u(r).
5
Let m(c) = 4*c + 19 + 33*c - 36*c. Calculate m(-9).
10
Suppose -5 + 1 = 4*x. Let a(t) = -15*t + 1. Calculate a(x).
16
Let a = -11 + 5. Let j(s) = 3*s**2 + 15*s - 9. Let l(k) = -k**2 - 5*k + 1. Let h(t) = j(t) + 2*l(t). Calculate h(a).
-1
Let o(c) = 4*c**2 + c - 1. Let m be o(-3). Let x = 34 - m. Let b(f) = -f - x - 6 - 4 + 0. Calculate b(-9).
-3
Let t(l) = 2*l - 27. Let w be (3/(-42)*-16)/((-4)/(-42)). Calculate t(w).
-3
Let l(k) = k - 5. Let z be l(9). Suppose 0 = z*a - 9*a. Suppose j = a, -4*v = j + j - 16. Let s(u) = u - 3. Determine s(v).
1
Let n(o) be the first derivative of -2*o**2 - 9*o + 24. Calculate n(8).
-41
Let r(w) = w**3 - 5*w**2 + 4*w - 4. Let i(p) = p**3 - p**2. Let a be i(1). Let d be 99/27 + (-2)/(-6). Let l = a + d. Determine r(l).
-4
Let a(u) = 2*u - 8. Let o(w) = -2*w. Let s(g) = -a(g) + 2*o(g). Determine s(4).
-16
Suppose -12*u = 37 - 1. Let m be 10/4*(-8)/(-10). Let f(g) = 4 - 4*g**m - 3*g + 2*g**2 + 0*g**2. Calculate f(u).
-5
Suppose 2*w + 5*x - 15 = 33, 89 = 5*w - 3*x. Let v = -23 + w. Let j(g) = g**2 + 2*g - 2. Calculate j(v).
6
Let u(p) be the first derivative of p**4/4 - 4*p**3/3 - 2*p**2 + p - 85. Calculate u(5).
6
Let u(g) = -1. Let o(r) = -6*r - 4. Suppose 0 = 8*m - m + 56. Let d(i) = m*u(i) + o(i). What is d(3)?
-14
Let j(k) = -k - k**2 + 8*k + 2*k - 10 - 6*k + k**3 + 5. What is j(4)?
55
Let x(b) = -b + 22 - 6 - 10. Give x(0).
6
Let q(u) be the first derivative of u**4/4 - u**3/3 + 12*u + 2. Suppose 32 = 5*z + 12. Suppose -2*w + z*g = -4, -3*w - g - 1 = -0*w. Determine q(w).
12
Suppose -29*u - u - 86 = 4. Let i(t) = 3*t. Let s(r) = r. Let d(j) = 2*i(j) - 5*s(j). Calculate d(u).
-3
Suppose -71 = -2*y - 3*t, 0 = -2*y + 6*y + 4*t - 136. Let b = y + -24. Let h(s) = -s**2 + 8*s. Give h(b).
7
Let d(x) = -x + 1. Let n be d(-3). Let z(f) = -n + 7*f - 19*f + 9*f + 5*f. Calculate z(5).
6
Let g(q) = -81*q**3 + 16*q**2 + 7*q + 5. Let f(t) = 39*t**3 - 7*t**2 - 3*t - 2. Let o(c) = 7*f(c) + 3*g(c). Determine o(-1).
-30
Let u = -42 - -47. Let i(s) = 2*s**2 - 8*s - 4. What is i(u)?
6
Let w(j) be the first derivative of -j**3 - 2*j**2 - 3*j - 76. Give w(-3).
-18
Let n(g) = 646*g**2 - 1298*g**2 + g + 653*g**2 - 10. Calculate n(4).
10
Let j be (-5 + 2/1)*-1. Let w(v) = -3*v + j*v - 1 + v**2. Suppose 16 = 25*r - 17*r. Give w(r).
3
Suppose 0*t + t - 2 = 2*z, 0 = 2*z. Let y(r) = r**3 - 6*r**2 + 50*r + 13 - 52*r - 4*r**t. Give y(10).
-7
Suppose 11 - 5 = 3*y. Let j(p) = 5 - p + 2 - 2 - p**y. Calculate j(0).
5
Let r(o) = -2*o - 1. Suppose -36*q + 27*q = 72. Determine r(q).
15
Let j(f) = -2 + 0 - f**2 + 12*f**3 - 6 + 9. What is j(1)?
12
Let h(k) = 7*k + 29. Let u(t) = t**3 + 15*t**2 + 26*t - 4. Let i be u(-13). Let g be h(i). Let q(c) = 7*c**3 - c. Give q(g).
6
Let k(t) = t**2 - 9*t - 5. Suppose w - 27 + 12 = -2*r, 3*w - 41 = -4*r. Calculate k(w).
17
Suppose 0 = -y + 5 - 16. Let j = y - -15. Suppose 3*a = -0*l + 5*l + 6, j*l + 3 = 3*a. Let m(d) = d**3 + 4*d**2 + 2*d. What is m(a)?
3
Suppose -3*k + 4*u + 9 = 2, 14 = 2*k - 5*u. Let l(b) be the third derivative of -1/120*b**6 + b**2 + 1/2*b**3 + 0 + 1/8*b**4 - 1/30*b**5 + 0*b. Determine l(k).
3
Let q be 2 + (-3 - (-4 - 1)). Let s(w) = -7*w - 1. Calculate s(q).
-29
Suppose 0*j + 3*j = 66. Suppose -3*n = -3*m + 6, n - j = 2*n - 5*m. Suppose 4*f + 2*b + 0 = 4, n = f + b. Let l(h) = 10*h**2 + h + 1. Calculate l(f).
10
Let g(p) = 11*p**2 + 4. Let i(y) = -13*y**2 + y - 5. Let n(w) = 6*g(w) + 5*i(w). Give n(-4).
-5
Suppose 0 = -3*q + 4*q + 1, 4*y + 5*q - 27 = 0. Let d(s) = -2*s**2 + y*s**2 - 6*s - 5 - 9*s**2. Determine d(-4).
-29
Let y(h) be the second derivative of 5/6*h**3 + 11*h + 0 - 3/2*h**2 + 1/12*h**4. Give y(-6).
3
Let l(y) = y**2 - y. Suppose 0 = -4*a + 19 + 21. Suppose 0 = 5*v - 39 - 11. Let c = v - a. What is l(c)?
0
Let c(s) = -3*s + 1. Let x be c(2). Let u(g) = 7*g**2 + 5*g + 13. Let y(i) = 8 + 4*i - 7 - 4*i + i**2. Let v(q) = u(q) - 6*y(q). What is v(x)?
7
Let w = 1688 + -1697. Let y(g) = -g. Determine y(w).
9
Suppose -5*f = -2*k + 25, 3*f + 0*k + 16 = k. Let a(j) = j**2 + 10*j + 2. What is a(f)?
-19
Let b(q) = -22*q + 41*q + 6 - 21*q. Determine b(4).
-2
Let n = 10 - -4. Let q(a) = -a + 7. Let b be q(n). Let w(y) = -y**2 - 4*y + 3. Give w(b).
-18
Let j(g) be the second derivative of g**6/120 - g**5/12 - 5*g**4/24 - g**3/6 + 6*g**2 - 12*g. Let b(l) be the first derivative of j(l). What is b(6)?
5
Let u(y) = 22 - 72*y + 229*y - 76*y - 84*y. Determine u(10).
-8
Suppose -29*m + 5 = -111. Let t(d) = d**3 - 2*d**2 - 10*d + 4. Determine t(m).
-4
Let s = 2 + 0. Suppose -2*o + u + 2 = s*u, 4*u + 16 = 4*o. Suppose o*d + 40 = 24. Let m(c) = -c**3 - 9*c**2 - 8*c - 7. Give m(d).
-7
Let t = 293 - 291. Let s(n) = 6*n - 2. Calculate s(t).
10
Let j(b) = 4. Let l(t) = -t - 6. Let p(q) = -3*j(q) - 4*l(q). Determine p(-6).
-12
Suppose -5*m + 2*m = -102. Let p = 0 - -37. Let b = p - m. Let x(a) = a**2 - 2. Calculate x(b).
7
Let b be (-3)/(60/(-25))*20/30. Let p(t) be the second derivative of 3*t**2 + 0 - b*t**3 - t + 1/12*t**4. Give p(5).
6
Suppose -c + 2*s - 16 = 0, 5*c + 2*s = 3*c - 8. Let w(f) = -f**3 - 7*f**2 + 6*f - 8. Give w(c).
8
Let p(t) = -2*t**2 - 4*t - 3. Let o be 20/(-90) - 22/(-18). Let r be 6 + o + (-3 - 0). Suppose -3*h - 5*i + 19 = 53, -r*i = 4*h + 32. Give p(h).
-9
Suppose 5*s + 20 = s. Let j(w) be the second derivative of 1/6*w**3 - 5/12*w**4 + 22*w + 5/2*w**2 - 1/20*w**5 + 0. Calculate j(s).
0
Let y(s) = s**3 + 15*s**2 - s - 10. Let z be y(-15). Suppose -1 = -z*d - x, -4*x - 18 = d - 3. Suppose -5*j = d - 21. Let c(t) = t**2 - 3*t - 3. Calculate c(j).
1
Let k(o) = 4*o**2 - o. Let m be (-123)/15 + (-1)/(-5). Let x be (m/20)/(1/5). What is k(x)?
18
Let c(u) = 0 - 7*u + 17*u**2 - 4 - 19*u**2. Let x be (-40)/(-7) + 14/49. Suppose -a + 4 = -t + x, 0 = 3*t + 6. What is c(a)?
-8
Let v(o) be the second derivative of -o**4/12 + o**3/3 + 8*o**2 - 168*o + 3. Calculate v(5).
1
Let z(u) be the third derivative of 1/60*u**5 + 0 - 1/3*u**3 + 0*u + 0*u**4 + 22*u**2. Determine z(-2).
2
Let d = -7 + 0. Let l = 1 + d. Let m(f) = f**2 + 7*f - 5. Give m(l).
-11
Let t(r) be the first derivative of r**3/3 + 5*r**2 - r - 173. Calculate t(-8).
-